et z = c - 1. Let p = 197 + -194. Calculate the greatest common factor of z and p.
1
Let v = -348 - -468. Calculate the greatest common factor of 264 and v.
24
Let l = 146 - 141. Suppose 5*p = -15, 5*g + l*p + 4 = 44. Calculate the highest common divisor of 88 and g.
11
Let d be ((-1)/2)/((-5)/250). Suppose -2*k - d = -7*k. Suppose k*m - 144 - 256 = 0. Calculate the highest common factor of 16 and m.
16
Let w be (30/(-10) - -1) + 263. Calculate the greatest common divisor of w and 609.
87
Let q(b) = -2*b**2 + 25*b - 10. Let t be q(12). Suppose -2 = -2*j + 3*j - 2*l, 5*j + t*l - 38 = 0. What is the greatest common factor of 3 and j?
3
Let h be ((-28)/18)/(1/(-117)). What is the highest common divisor of h and 416?
26
Let n be ((-315)/(-70))/((-1)/((-280)/6)). Calculate the greatest common divisor of 30 and n.
30
Suppose 4*l + 4*g = -44, -3*g = -5*l - 24 - 39. Let c(u) = 3*u + 56. Let q be c(l). What is the highest common divisor of q and 25?
5
Let y(d) = -5*d + 6*d + 0*d - 4. Let z be y(11). Let p(t) = t**3 - 5*t**2 - 9*t - 2. Let x be p(z). What is the highest common factor of x and 3?
3
Let y(h) = -h**3 - h**2 - h + 20. Let u be y(0). Let x(i) = -19*i - 31. Suppose -8*c - 26 - 46 = 0. Let j be x(c). What is the highest common factor of j and u?
20
Let t(z) = -2*z - 1. Let u be t(-2). Suppose 5*d - q - 3*q = 170, 0 = -d - u*q + 34. Suppose -5*s + d = -11. Calculate the highest common factor of s and 6.
3
Let t = 40 + -41. Let s be t/((-4)/(-132)*-3). Calculate the highest common factor of 110 and s.
11
Let j be (-350)/(-45) + 6/27. Calculate the highest common divisor of j and 36.
4
Suppose 33 + 534 = 9*t. Let d = 41 + -20. Suppose -4*w = -w - d. Calculate the greatest common factor of t and w.
7
Let t be 15/(-135)*-45*(-156)/(-10). What is the highest common divisor of t and 1482?
78
Let q be (-456)/15 + (-4)/(-10). Let t = q + 40. What is the greatest common divisor of t and 90?
10
Let g = 69 + -33. Calculate the greatest common divisor of g and 36.
36
Suppose 3*k + w - 6*w = -4, -2*w + 4 = 0. Let c be ((-90)/75)/(k/(-200)). Calculate the greatest common factor of 12 and c.
12
Let x be -6 - 4 - -5 - -159. What is the highest common divisor of 98 and x?
14
Let w = -48 + 52. Suppose -3*c - 5*h = -c - 48, w*h - 58 = -3*c. What is the highest common divisor of c and 28?
14
Let t be (0/(2 + 0))/(-4 + 2). Suppose 2*d - 119 = n - t*n, -3*d + 4*n = -166. Calculate the greatest common factor of 93 and d.
31
Suppose -4*k - k = -3*v + 540, 0 = 5*v + 4*k - 900. Calculate the highest common factor of v and 9.
9
Let s(q) = q**3 - 4*q**2 - 4*q + 12. Suppose -9 = -3*g - 0. Let a = g - -2. Let v be s(a). What is the greatest common divisor of v and 153?
17
Suppose 3*u - 54 = -12. Suppose 4*q - 78 = 3*w, 4*q + 4*w = -15 + 107. Calculate the greatest common factor of q and u.
7
Suppose 2*p = m + 119, -17 + 23 = -2*m. Calculate the highest common factor of 20 and p.
2
Suppose -2888 = -2*d - 6*d. Let f = d + -109. Calculate the highest common divisor of f and 36.
36
Let r(z) = -z**2 - 5*z - 2. Let m be r(-4). Suppose -5*g + 2*f + 14 = 0, -2*g - m*g + 3*f + 14 = 0. What is the highest common factor of 10 and g?
2
Let b be ((-1)/(-4) - 50/(-40))*42. What is the highest common factor of 18 and b?
9
Let f = -40 - -183. Let g(d) = d**2 - 8*d - 2. Let z be g(8). Let q = 15 + z. What is the greatest common divisor of f and q?
13
Let b = 17 + -41. Let d be ((-54)/b)/(1/8). Let w = d + 147. What is the highest common divisor of 15 and w?
15
Suppose 4*s = -5*m + 247, s - 2*m - 52 = 13. Calculate the highest common divisor of s and 18.
9
Suppose 5*k = 25, -8*s - 2*k - 134 = -10*s. Suppose f = -f + 14. Let l be f - -1*(-3 + 4). What is the highest common divisor of l and s?
8
Let r = 129 - 105. Calculate the greatest common divisor of r and 8.
8
Suppose -9*k + 36 = -13*k. Let z be (-5 - k) + (-36)/(-1). What is the highest common factor of z and 16?
8
Let g be -2*4*(-1)/(-2). Let o be 1 + g/(-2) + 51. Let r(a) = a**3 + 28*a**2 - 32*a - 60. Let q be r(-29). What is the highest common divisor of o and q?
27
Suppose -66 = -11*p + 8*p - u, 0 = 3*p + 4*u - 75. Calculate the highest common divisor of 42 and p.
21
Suppose 8*y = 2*y + 6. What is the greatest common factor of y and 3?
1
Suppose -4*m = -6*m - 38. Let q = m - -53. Suppose 4*y = 6*y - q. Calculate the greatest common factor of 34 and y.
17
Let n be -1 + -4 + 715/13. What is the greatest common factor of 250 and n?
50
Suppose -w - 17 = 5*y - 49, 5*w - 100 = -5*y. Let s = w + -13. Suppose -s*l - l = -100. Calculate the highest common factor of l and 60.
20
Suppose 3*k - 404 = 295. Suppose -3*v + k = -178. Let h = -97 + v. What is the greatest common factor of h and 16?
8
Let i = 150 + 130. What is the highest common divisor of i and 56?
56
Suppose 2*u = -3*k + 345, 5*k + 80 = 4*u - 599. What is the highest common factor of u and 228?
57
Let s(y) = 9*y - 18. Let v be s(7). Let l = -29 + v. What is the greatest common factor of l and 144?
16
Let x be 19/(760/176) - (-2)/(-5). Let f = x - -315. Calculate the highest common factor of 29 and f.
29
Let g be ((-550)/(-33) - 16)/((-2)/(-825)). What is the greatest common factor of g and 11?
11
Let s be (-25 + 16/4)*(0 + -1). What is the highest common divisor of s and 6?
3
Let q(w) = -12*w**2 + 63*w - 15. Let o be q(4). Calculate the highest common divisor of 261 and o.
9
Let h be ((-42)/8)/(36/(-480)). Calculate the highest common divisor of 20 and h.
10
Let z = -402 - -419. Suppose 7*t - 4*t - 80 = -f, 4*f + 4*t = 288. Calculate the greatest common factor of f and z.
17
Suppose 0 = 3*c - 2 - 1. Suppose -4*m = -z + 31, -5 = -4*m - c. Let i = z - 11. What is the greatest common divisor of 16 and i?
8
Suppose 2*s + k = 4*s - 57, 141 = 5*s - 2*k. What is the greatest common factor of 297 and s?
27
Let r(g) = -48*g - 4. Let w be r(2). Let b = 2 - w. What is the highest common factor of b and 34?
34
Let i be (1/2)/((-3)/(-24)). Suppose k = -i, -6*k - 8 = 2*a - 2*k. Calculate the greatest common divisor of 44 and a.
4
Let w(q) = -2*q**2 + 98*q + 66. Let p be w(49). Calculate the highest common factor of 22 and p.
22
Suppose -223 = 9*a - 1114. What is the highest common factor of 77 and a?
11
Let g be 8/6*(-36)/(-24). Suppose 150 = g*f + 3*y, 3*f - 2*f - 73 = -2*y. Calculate the highest common factor of f and 9.
9
Let p(a) = 2*a**2 - a + 39. Let n be p(0). What is the greatest common divisor of 195 and n?
39
Suppose -12 = -0*l - 3*l. Suppose 0*c + 2*c + 24 = 3*n, l*n = -3*c - 70. Let x = c - -58. Calculate the highest common factor of 60 and x.
20
Let d(v) = 10*v - 53. Let k be d(5). Let g be (6/(-5))/(3/(-15)). Let r be k + g + 53 + 1. Calculate the highest common factor of r and 38.
19
Let f(a) = a + 76. Let u be f(24). Calculate the greatest common factor of 160 and u.
20
Suppose -5*c + 16 = 3*l, 11*l - 2*c = 15*l - 12. What is the highest common factor of 50 and l?
2
Let q be ((-20)/(-25))/((-4)/(-150)). Let g = 175 - 277. Let d = g - -177. Calculate the highest common factor of d and q.
15
Let d be (-1 - (-44)/6)*(32 + -29). What is the greatest common divisor of d and 95?
19
Suppose 20 = 5*t - 3*t - 4*n, 4*t = -n + 76. What is the greatest common divisor of t and 405?
9
Suppose -182 = -a + 2*b - 125, b - 99 = -2*a. Calculate the highest common divisor of a and 17.
17
Let u(q) = -3*q**3 - 13*q**2 + 10*q - 1. Let o be u(-6). Calculate the greatest common divisor of o and 35.
7
Suppose -t - 3*t + 180 = 0. Suppose 0 = -9*a + t + 99. Calculate the highest common factor of a and 4.
4
Let g(s) = 5 - 4 - 4 - 4 - 3*s + s**2. Let j be g(5). Suppose -12*z - 30 = -14*z. Calculate the greatest common factor of j and z.
3
Let q be 4/16 + (1 - 108/(-16)). Suppose -3*t + 14 = v, 2*t + v = 2*v + 6. What is the greatest common divisor of t and q?
4
Suppose -89 = -8*n + 871. Let l = n - 68. What is the greatest common factor of l and 26?
26
Suppose 5*o - 432 = -7*o. Suppose -3*i = 2*s - o, -s - 10 = 3*i - 22. Calculate the highest common divisor of 6 and s.
6
Let y(l) = 164*l - 3. Let w be y(1). What is the greatest common factor of 21 and w?
7
Let h = 642 - 603. What is the highest common factor of h and 143?
13
Let s(r) = r**2 + 13*r + 12. Let t be s(-1). Suppose -4*c - p + 367 = t, -2*p = 